mber?
True
Suppose 4*g - 5504 = 8324. Is g a composite number?
False
Let x(z) = 20*z + 23. Let m = -20 + 24. Suppose 5*d + 0*a = 4*a + 66, -3*d - m*a + 14 = 0. Is x(d) a composite number?
False
Suppose 3*f - 20 = 97. Suppose 4*b + 0*u - 3*u = f, 5*u - 3 = b. Is (178/6)/(b/36) a composite number?
False
Let i(l) = -97*l - 13. Suppose 0 = -c + 3, -y + 5*c = -4*y - 9. Is i(y) prime?
False
Let w = 12 + 8. Suppose -4*f = -3 + 35. Is (422/f)/((-5)/w) a prime number?
True
Let v = 1800 + 7642. Is v a prime number?
False
Suppose 2*v + 3*w - 5665 = 0, -4*v = 5*w - 0*w - 11329. Is v a composite number?
True
Let b(c) = 6105*c + 22. Is b(1) a prime number?
False
Suppose -d - k + 12942 + 4348 = 0, -4*k = -2*d + 34550. Is d prime?
False
Let p = 45 + 12686. Is p a composite number?
True
Suppose 5 + 20 = 5*n. Suppose 5*x = -n*j + 2400, -4*j - x - 4*x + 1917 = 0. Is 4/(-26) + j/13 a prime number?
True
Let h = 21666 - 14600. Suppose -h = -9*q + 14741. Is q a prime number?
True
Suppose -259581 = -7*n - 14*n. Is n composite?
True
Let z(h) = h + 4. Let q(a) = -9*a + 2. Let u be q(2). Let w = u + 22. Is z(w) composite?
True
Let j be (77 + -3 + 6)*1. Let p = 207 - j. Is p a prime number?
True
Suppose -5*p + 5*j = 5, 3*p - 5*j + 10 = -3. Suppose 5*l + 0*w = w + 7223, 2*l - 2896 = -3*w. Suppose -5*u + p*a + l = -a, 4*u = -5*a + 1192. Is u composite?
False
Suppose 3*i = -w + 1913, 2*i + 3200 = 7*i + 4*w. Let h = -374 + i. Suppose -1000 - h = -2*z. Is z a prime number?
True
Let i(t) be the third derivative of t**5/60 - t**4/6 - 5*t**3/3 + 2*t**2. Let z = 36 + -43. Is i(z) composite?
False
Let s(v) = 113*v - 3. Let a be s(-3). Let k = a - 23. Let y = -202 - k. Is y composite?
False
Is (67916/6)/((-2)/(-3)) composite?
False
Let d = -1975 + 4446. Is d composite?
True
Let s(u) = 94*u**3 + 8*u**2 - 41. Is s(10) prime?
False
Let k(s) = 381*s**2 - 7*s - 13. Is k(-3) a prime number?
False
Is 6353/(-2 - (-66)/(-90)*-3) a prime number?
False
Let v = 59 + -27. Suppose v*k - 33*k = -487. Is k composite?
False
Is (-4 - 17/(-4))*124*83 a composite number?
True
Let z(f) = 306*f - 14. Let d be z(-6). Is (3/(-3) - 0)*(d - -3) a prime number?
True
Let y(p) = p**3 - 9*p**2 + 16*p - 25. Let t(d) = d**3 - 8*d**2 + 15*d - 26. Let g(x) = -4*t(x) + 5*y(x). Is g(16) a composite number?
True
Let c(k) = 40*k**2 + 3*k + 1. Let l be c(-4). Suppose -641 = -5*q + l. Suppose -q = -3*w + w. Is w composite?
False
Suppose 4*s = -b - 28, 5*s + 2*b + 50 = -3*b. Is s/3*(1774/(-4) - 1) composite?
True
Suppose 0 = -5*v - 20, 5*f + 5*v - 15370 + 295 = 0. Is f a prime number?
True
Let a(x) = 12*x**2 - 149*x + 114. Is a(35) composite?
True
Let j(n) = 30*n**3 - 6*n - 5. Is j(3) prime?
True
Let v = -100 + 187. Let u = 98 - v. Is u a composite number?
False
Suppose -8*k = -12*k - 4. Is (-44)/11*k/(-2) + 69 prime?
True
Suppose -5*g - 15 = 5*r, 10*r - g = 5*r - 45. Let k(q) be the first derivative of -q**4/4 + 2*q**3 - q**2/2 + 15*q + 11. Is k(r) a composite number?
False
Suppose 2*d - 124 = -20. Suppose r - 3*p - 2*p = d, -3*r + 2*p + 221 = 0. Is (-11)/r + (-1464)/(-7) composite?
True
Suppose v + 401 = -5*k, -12*k + 758 = -2*v - 11*k. Let l(s) = -s - 2. Let x be l(0). Is 10/15*v/x composite?
False
Is (-5)/(-3) - 2 - (-181206)/27 composite?
True
Let a(d) = 4*d**3 + 10*d**2 - d + 13. Let s(z) = 7*z**3 + 20*z**2 - 3*z + 25. Let l(q) = -5*a(q) + 3*s(q). Is l(-9) a prime number?
True
Let x = 10 - 5. Suppose 0 = -4*m + 4*y - 232, 173 = 5*m + x*y + 513. Let f = 184 + m. Is f a composite number?
True
Is (26/(-52))/((-2)/170356) a composite number?
False
Suppose -3*v + 0*v + 9 = 0. Suppose -16 = -v*o + 2. Is 74/3*o/4 a prime number?
True
Suppose -5*g = 4*o - 249815, 54*o - 57*o = -4*g + 199852. Is g prime?
False
Suppose 304 + 240 = 2*o. Suppose -o = -3*p - l, 5*l - 193 = -2*p + 2*l. Is p a prime number?
True
Is (-3 + 1557/(-18))/(2/(-4)) prime?
True
Let r be -3 - (-20)/(4 + 0). Suppose -r*l + 4*l - 22 = 0. Let m(o) = o**3 - 11*o**2 + 14*o - 5. Is m(l) composite?
False
Let t(z) = 2903*z**2 - 14*z + 19. Is t(2) a composite number?
True
Suppose 0 = -5*s + 5*d + 5430, 2*d - 4351 = -4*s - d. Is s composite?
False
Let u(j) = 5*j - 109. Let n(p) = -11*p + 218. Let b(t) = -6*n(t) - 13*u(t). Let q = 23 - 23. Is b(q) a composite number?
False
Let w(r) = r**2 + 4*r. Let f(s) = s**3 + 8*s**2 - 2*s + 3. Let t be f(-8). Is w(t) prime?
False
Suppose 3123 = -6*a + 9*a. Let i = 1726 + a. Is i prime?
True
Let a(r) = -r**3 - r**2 - 8*r + 18. Is a(-16) a composite number?
True
Let l(j) = -7*j**2 + 28*j - 20. Let r(v) = -20*v**2 + 84*v - 59. Let p(n) = -17*l(n) + 6*r(n). Is p(13) a prime number?
True
Let s(m) = -14*m - 6. Let d be s(-4). Let j = -30 + 49. Suppose -j = -k + d. Is k a prime number?
False
Let p(i) = 3*i**3 + 4*i**2 + 6*i - 5. Is p(7) prime?
False
Let a = 63 + 92. Is a composite?
True
Let d be 6/(-1*(-4 + 2)). Suppose 2*s + b = d*b + 1168, 3*s - 1753 = 4*b. Is s a composite number?
True
Is 2 - (-9 + 14)/(1/(-909)) a prime number?
True
Let k(z) = 3*z**3 + 7*z**2 + 12*z + 17. Is k(12) prime?
True
Let z be -1 + 4/1 - -1. Let n be 228/(-54) + z/18. Is n/((-2580)/1285 - -2) a composite number?
True
Suppose 0*i + 26908 = 4*i. Let k = -4408 + i. Is k prime?
False
Suppose -81*y = -79*y - 33094. Is y prime?
True
Let q be (50/(-14) - -4)*7. Suppose 0*i + 1239 = q*i. Is i a prime number?
False
Suppose -26*s - 400152 = -50*s. Is s a prime number?
True
Let t(h) = 54*h + 59. Is t(7) a prime number?
False
Let d = -315 + 207. Let l = d + 619. Suppose -3*y - 5*g = -l, 3*y + 2*g + 0*g = 523. Is y a composite number?
True
Suppose 70 = 3*r + 16. Suppose -f + r = -4. Is f*(0 - (-21)/6) a composite number?
True
Let w = -2 + 2. Let k = 0 - w. Suppose k = -2*q - 2*r + 70, 0 = -q + 4*r + 37 + 8. Is q prime?
True
Suppose -2*d + 12 = 2. Suppose d*x = x. Suppose x = 5*i - 3*c + 5*c - 375, -3*i - 5*c = -206. Is i composite?
True
Let d = -1860 - -4069. Is d composite?
True
Let j = 356 + 358. Suppose 3*a + 2*a = 0. Suppose a = -7*h + h + j. Is h composite?
True
Let o be (646/(-8))/((-4)/48). Suppose 204 = -3*u + o. Suppose 3*j + u = 8*j. Is j prime?
False
Let u(v) = 11*v**2 - 2*v - 11. Let t = 2 - 12. Is u(t) composite?
False
Let z(j) = -28*j + 21. Let s be z(5). Let q = -28 - s. Is q prime?
False
Let s be (-60)/(-9)*2*9/12. Suppose -2*m + s = 0, 4*k + 6*m - 2*m = 4864. Is k a composite number?
True
Suppose 0 = 3*u - 3*w - 801, -u - 1380 = -6*u - 4*w. Let l = u - 133. Is l a composite number?
False
Let x(r) = 10*r - 50. Let c be x(5). Is -44*(-13)/(4 - c/(-4)) a composite number?
True
Suppose 3*i = 5*i - 158. Suppose -o + 49 + i = 0. Let k = o - 57. Is k prime?
True
Let q(i) = 10*i**3 - 30*i**3 - 6*i - 1 - 37*i**3 - i**2. Is q(-2) a composite number?
False
Is 2/(-3) - (0 - 76762/6) composite?
True
Let t(i) = -i**2 + 9*i + 4. Let z be t(9). Suppose -4*y - z*g = -762 - 118, g = -3. Is y a composite number?
False
Suppose 0 = 3*o - 0*o - 4*g - 55391, 3*g - 55377 = -3*o. Is o a prime number?
True
Let s(b) = 18*b**2 - 2*b + 1. Is s(7) prime?
False
Suppose 5*r - 3 + 19 = 4*a, -14 = 3*r + 2*a. Let d be (-9)/(-3) - (r - -7). Is (d + 1)/((-11)/(-4279)) a composite number?
False
Suppose 1087 = r - 3624. Is r prime?
False
Suppose -2*u - 3*u = -4*s - 11, 33 = -2*s - 3*u. Let m be (12/10)/(s/(-1590)). Suppose m = 4*r - 176. Is r a composite number?
False
Let f = 262 + -240. Is f prime?
False
Let s = 514 + -351. Is s a prime number?
True
Let f = 10 + -15. Let h(d) = -22*d - 4. Is h(f) prime?
False
Let k(p) be the first derivative of 51*p**4/2 + p**2 + p - 2. Is k(2) composite?
False
Is ((-4)/6)/(8/(-94812)) composite?
False
Let u(v) = 11*v - 33. Let i(c) = -2*c**2 - 12*c + 6. Let t be i(-6). Is u(t) composite?
True
Let g be (10 + -3)*2/(-1). Let f(o) = -18*o - 17. Is f(g) a composite number?
True
Let n be ((-51)/21 + 3)*(-7)/2. Suppose -2*r - 6 = -5*r. Is n/r*1*-141 composite?
True
Let k = 2 + 2. Suppose -1118 = -3*x - 0*r + 5*r, 0 = k*x + 4*r - 1544. Is x composite?
True
Suppose -7*v + 19 = -16. Suppose 36 = -4*w + v*c, 2*w + 8 = -w - c. Is (-2370)/(-20)*w/(-6) prime?
True
Let p be -4*(0 + (-4)/8). Let r be -56 - p - (-8)/(-4). Let j = r - -137. Is j composite?
True
Let d be (9/12)/(1/168). Let o be 4/22 - d/(-33). Suppose -4*z + 2156 = 4*j, 2*j + 0*j + 2168 = o*z. Is z a p